 c(k)?
-3
Let z(w) = 8 + 19*w**2 - 3*w**2 - 9. Calculate z(-1).
15
Let r(p) = p**3 - 10*p**2 + 12*p - 2. Let a(x) = -x**3 + 9*x**2 - 11*x + 3. Let y(q) = 4*a(q) + 3*r(q). Suppose 2*s - 60 = -3*s. Let d = -7 + s. Give y(d).
-9
Let v(u) be the first derivative of -7*u**3/3 + u**2 - u + 2. Let x(f) = -f + 5. Let g be x(8). Let z(p) = p + 4. Let s be z(g). What is v(s)?
-6
Let i be ((-10)/8)/((-1)/(-4)). Suppose 0 = -2*x + 2. Let u(r) = 2 + 22*r + r**2 + x - 17*r. What is u(i)?
3
Let y(x) = 20*x + 257. Let j be y(-13). Let p = 0 - -4. Let f(w) = 0 + 2*w + p - 2. Give f(j).
-4
Let j(t) = -t**2 - 8*t - 1. Suppose 0 = w + 3 + 4. What is j(w)?
6
Suppose 0 = 3*l + 4*k + 6, -2*l - k + 1 = 5. Let x(b) = b + 2*b + 0*b + 3. What is x(l)?
-3
Let l(w) = -w**3 + w**2 + w - 1. Let j(k) = -7*k**3 + 3*k**2 + 10*k - 8. Let x(a) = j(a) - 6*l(a). Let g = -6 + 2. Determine x(g).
-2
Let z(a) = -4*a + 3. Let o(f) = -f. Let b(n) = 5*o(n) - z(n). Let g(t) = -t - 2. Let c(k) = 5*b(k) - 8*g(k). Determine c(1).
4
Let m = 5 - 5. Let j(z) be the first derivative of -z**4/4 - z**3/3 + z**2/2 - 5*z + 10. Determine j(m).
-5
Let a(v) = 6*v - 5. Let i(p) = -3*p + 2. Let n(r) = -2*a(r) - 5*i(r). Calculate n(-3).
-9
Let x(o) = -o**3 - 7*o**2 - 8*o - 3. Let c(b) = -3*b - 48. Let d be c(-14). Give x(d).
9
Let t(r) be the third derivative of r**7/2520 + r**5/20 - r**4/12 + 4*r**2. Let q(s) be the second derivative of t(s). Determine q(0).
6
Let c(b) = -6*b + 5. Let a(t) = 5*t - 4. Let w(i) = -5*a(i) - 4*c(i). Give w(3).
-3
Let t be (-5 + 1)*-1*1. Let g be (-22)/(-6) - t/6. Let p(c) = -c**3 - c - 1. Let b(m) = 3*m**3 + 4*m**2 + m + 1. Let i(d) = -b(d) - 4*p(d). Determine i(g).
3
Let x(t) = -2 + t**2 - 11*t**3 - 10*t**3 + 2*t + 20*t**3. Calculate x(2).
-2
Let f(s) = -3*s**2 - 4*s + 3. Let y(x) = -x**2 - x + 1. Suppose a - 4 = 0, -q + a - 7 - 2 = 0. Let r = -3 + q. Let t(c) = r*y(c) + 3*f(c). Give t(-5).
-4
Let y = 13 - 12. Let s(v) = 12*v + 1. Determine s(y).
13
Let v(t) be the third derivative of t**2 + 0 + 1/8*t**4 - 1/720*t**6 + 0*t + 0*t**3 - 1/40*t**5. Let k(p) be the second derivative of v(p). What is k(0)?
-3
Let s(w) = 8 - 8 - 1 + w. Let a(f) = f - 5. Let q = 7 - 5. Let p(r) = q*s(r) - a(r). Determine p(0).
3
Suppose -34 = -2*n + 4*l, -3*n = l - 0*l - 16. Let w(p) = -p**2 + 6*p + 1. Let u be w(n). Let y(s) = -s**2 - 6*s - 2. Determine y(u).
-2
Let h(d) be the first derivative of -d**4/4 - 8*d**3/3 + d**2/2 + 9*d - 33. What is h(-8)?
1
Let l be 6/(-4)*(-4)/3. Let h(q) = 4 - 3*q - l*q**2 + 3*q**2 - 2*q. Give h(4).
0
Suppose -u = 3*j - 6, -j - 2*u = -2*j + 9. Let l(c) = 5 - 4*c + j*c + 5*c - 13. Let p(y) = 5*y - 8. Let t(r) = 6*l(r) - 5*p(r). Give t(-4).
-4
Let t(b) = b - 2. Let v = 48 - 44. Calculate t(v).
2
Let i(s) = 2*s + 2. Let x be ((-10)/(-3))/(2/3). Suppose b - 4 + 3 = -x*t, 2*b + 4*t = 8. Suppose 0*v - 4*g - 36 = 4*v, 0 = -v + 2*g + b. Determine i(v).
-6
Let v(w) = 2*w**3 - 3*w**2 - w + 2. Let u(r) = -r**3 - 6*r**2 - 6*r - 3. Let y be u(-5). Calculate v(y).
4
Let o(r) = -6*r**3 - r. Let p = -2 - -5. Suppose -2 + p = -k - h, -3*k - 2*h = 0. Suppose -m = -k*m + 1. Calculate o(m).
-7
Let k(j) = j**2 - 2 - 2*j - j - 3*j. Calculate k(4).
-10
Let d(s) be the first derivative of s**4/2 + 2*s**3/3 - 3*s**2/2 - 2*s - 3. What is d(-2)?
-4
Let x(d) = d. Let s(p) = 5*p - 10. Let n(k) = -s(k) + 6*x(k). Let l be (-1)/(4/14)*2. Let h be n(l). Let g(i) = i**3 - 2*i**2 - i + 4. Determine g(h).
10
Let n(l) = -l**2 + 3*l - 1. Let f be 2/13 + (-30)/26. Let x be -8*(f - (-9)/4). Let p be (15/(-25))/(2/x). Determine n(p).
-1
Let l(k) = k**2 + 3*k - 3. Let i = 10 - 8. Let z = i - 5. Give l(z).
-3
Let o(p) = 1. Let x(d) = -d - 2. Let a(b) = 5*o(b) - x(b). What is a(5)?
12
Let k(y) = 4*y**2 + 7*y - 6. Let u(f) = -3*f**2 - 6*f + 5. Let i = 2 - -3. Let r(q) = i*k(q) + 6*u(q). Let g = 1 + 0. Determine r(g).
1
Let h(p) = -15*p**3 + 8*p**2 + 21*p - 9. Let c(q) = -7*q**3 + 4*q**2 + 10*q - 4. Let o(w) = -13*c(w) + 6*h(w). Calculate o(5).
3
Let r(k) be the first derivative of -k**3/3 - k**2/2 - 7*k + 11. Calculate r(0).
-7
Let p(a) = a**2 - 4*a**2 + 4*a**2 + 4*a - 2*a**2 + 5. Calculate p(6).
-7
Let b(j) be the second derivative of -1/12*j**4 + 2*j**2 + 0 - 5*j + 5/6*j**3. Suppose -m + 5 = -0. Determine b(m).
4
Let n(m) = -m**3 + 5*m**2 + m - 3. Let k = -105 - -108. Determine n(k).
18
Let k(o) = -2*o - 5. Let v = -8 - -19. Let r = -15 + v. Give k(r).
3
Let h be (-180)/(-42) + 1*6/(-21). Let v(x) = 3*x**3 - 12*x**2 - 9*x + 23. Let p(d) = d**3 - 4*d**2 - 3*d + 8. Let y(a) = -17*p(a) + 6*v(a). Determine y(h).
-10
Let v(j) = j**2 + 8*j + 9. Suppose 34 = -9*x - 20. Give v(x).
-3
Let u(f) = -4*f - 3. Suppose 7 = 3*m - m - q, -4*m - 5*q = -7. Suppose 0 = 2*x - 5*p + 19, x - 2*x + m*p = 11. What is u(x)?
5
Let u(d) = 3*d**2 - d**3 - 3*d**3 - 9*d + 5*d**2 - 3 + 5*d**3. Determine u(-9).
-3
Let l(n) = 0 + 11*n - 3*n**2 - 11*n**3 + 12*n**2 + 5 + 16*n**2. Let q(c) = -5*c**3 + 12*c**2 + 5*c + 2. Let x(t) = -6*l(t) + 13*q(t). Calculate x(-6).
2
Let u(l) = 3*l**2. Let d be u(-1). Let z(c) be the second derivative of c**5/20 - c**4/4 - c**3/6 + 2*c**2 + 23*c. Give z(d).
1
Let x = -8 + 11. Let p(g) = -g**2 + 3*g - 2. Calculate p(x).
-2
Let a(q) = -7*q**2 + 2*q + 5. Let c(h) = -3*h**2 + h + 2. Let u(b) = 4*a(b) - 9*c(b). Let r be 3/2*(5 + -3). Determine u(r).
-10
Let v(x) = 2*x + 2 - 3 - 3*x. Let j be (9 - 7) + (-3 - -1). Give v(j).
-1
Let f(h) = -3*h - 7. Let s be 1 + (-5)/(15/6). Let u(q) = 20*q + 20. Let m(x) = -7*x - 7. Let p(t) = -17*m(t) - 6*u(t). Let c(v) = s*f(v) + 4*p(v). Give c(0).
3
Let c(i) = i + 3*i - 2*i + 3 - i**2. Determine c(3).
0
Let f(p) = p**2 + p. Let o = 2 + -3. Let n(z) = -5*z**2 - z + 5. Let d(q) = o*n(q) - 4*f(q). Calculate d(4).
-1
Let i(p) = p**3 - 5*p**2 + 4*p. Suppose -5*c = -5*x - 5, -15*c + 11*c + 14 = x. What is i(c)?
-6
Let m(y) = 7*y + 1. Let k(b) = -20*b - 2. Let a(l) = 6*k(l) + 17*m(l). Let n(g) = g**2 + 6*g - 7. Let o be n(-7). Suppose o = -s - 1 + 4. Calculate a(s).
2
Let d(c) = 2*c**3 + 3*c**2 + c + 2. Let h be d(-2). Let w be ((-14)/h)/(-7)*6. Let f(a) = a**2 + 3*a. What is f(w)?
0
Suppose 4 + 0 = 4*x. Let f(m) = m + 1. Let s(z) = -6*z - 3. Suppose 4*b = 17 + 7. Let r(v) = b*f(v) + 2*s(v). Calculate r(x).
-6
Let b(z) be the first derivative of z**4/12 - z**3/6 + z**2 - 3*z + 3. Let h(w) be the first derivative of b(w). What is h(0)?
2
Let j be (-4)/(-6)*(3 + 0). Suppose -3*z + 6 = -3*f, 5*z - 3*f - 10 = f. Let b(n) = 2 + 0*n**j - z - n**2. Give b(-1).
-1
Suppose 5*h - 16 = -1. Let o = 11 - 8. Let f(z) = z**o - z - 2 - 1 + 5 + h*z**2. Give f(-2).
8
Let i be ((-2)/3)/(8/(-60)). Let l(s) = -i*s - 6*s + 4 + 10*s. Give l(4).
0
Let o(v) = -v**2 + 2*v + 4. Let y(g) = g**2 - g - 4. Let k be y(3). Suppose -3 = 5*z + 3*l + 7, -k*l + 15 = -z. Let w be 2 - z/(-1) - 0. What is o(w)?
-11
Let m(b) = 8*b - 1. Let q(u) = -9*u + 2. Let k(z) = -3*m(z) - 2*q(z). Let r = 1 + 0. Suppose 0 = 2*i + 3 - r. What is k(i)?
5
Let p(s) = s**2 - 5*s - 7. Let t(k) = -k**3 + 6*k**2 + 9*k - 8. Let c be t(7). Suppose a - 3*u = -3, -c*a + 4*a + 21 = 3*u. Calculate p(a).
-1
Let q(f) = -f - 6. Let t be q(-8). Suppose -2*i + t = 3*j, 3*j = i - 4*i. Suppose -y = -5*y + c, -4*c = j*y + 18. Let r(o) = 6*o**2 + o. Determine r(y).
5
Let h(o) = o**3 - 5*o**2 - 6*o + 3. Let m(l) = -l**2 - 8*l + 15. Let b be m(-9). Calculate h(b).
3
Let j(z) = z + 2. Let c(y) = -y**2 + 5*y - 2. Let x be c(3). Let s be 2/x - (-135)/18. Suppose -3*i + s*i = 0. Calculate j(i).
2
Let v(z) = -2*z + 2. Suppose 5*p + 4*f = 0, 2 - 18 = -p - 4*f. Calculate v(p).
10
Let r(x) = -8*x - 1. Let t(a) = a - 16. Let v be t(14). Calculate r(v).
15
Let y be 2/(-4) - (-12)/(-24). Let i(q) = -2*q**3 + q**2 - q - 1. What is i(y)?
3
Suppose f = -0 + 3. Suppose -f*w + 2 = -1. Let n(l) = 3*l + 7. Let b(m) = -7*m - 15. Let c(j) = -6*b(j) - 13*n(j). Calculate c(w).
2
Let k(l) = -4*l - 108. Let d be k(-26). Let s(f) = -f**3 + f**2 + 4*f + 10. Let h(w) = w**2 + w + 1. Let t(y) = -5*h(y) + s(y). Give t(d).
9
Let p(o) = o**3 + 17*o**2 + 15*o - 14. Let k be p(-16). Let b(i) be the second derivative of -i**4/12 - i**3/2 + i**2 - 2*i. Give b(k).
-8
Let x(a) = a**3 + 6*a**2 + 7*a + 3. Let l be x(-5). Let b(k) = -k**2 - 7*k - 1. Determine b(l).
-1
Let y = 1 - 2. Suppose 3*d + 0*